mine b(u).
5
Let k be 10/5 - (2 + 1). Let z(f) = -6*f - 1. Determine z(k).
5
Let f = 12 - 7. Suppose -4*u - w = -0*u + 13, f*w + 17 = 4*u. Let n(r) = -2*r - 1 - 1 + 3. What is n(u)?
5
Let z(g) be the second derivative of 0 - 1/3*g**3 - 1/12*g**4 + 5/2*g**2 - 3*g. Give z(-4).
-3
Let t(f) = -f**3 + 3*f**2 - 2*f. Let a = -5 - -7. Suppose 0 = -4*u + a + 46. Suppose -2*c - 2*c = -u. Give t(c).
-6
Let b = 4 + -4. Suppose -4*j + b = -4, 1 = -2*g + 5*j. Let z be (-2 - 2)*2/g. Let h(i) = i**2 + 6*i + 1. Give h(z).
-7
Let x(f) = -f**2 + 7*f - 5. Let v be 1*1/(2/(-6)). Let u(a) = -2*a**2 + 13*a - 10. Let c(s) = v*u(s) + 5*x(s). What is c(4)?
5
Let x = 3 + -8. Let v(o) be the second derivative of 1/12*o**4 - 3*o**2 + 0 - 3*o + 2/3*o**3. What is v(x)?
-1
Let s(u) be the first derivative of u**2/2 + 3*u + 2. Suppose 4*y = 5 + 11. What is s(y)?
7
Let a(h) be the third derivative of h**7/5040 - h**6/240 - h**5/20 - 3*h**2. Let i(q) be the third derivative of a(q). Give i(3).
0
Let w be 10/(1 + (-4)/(-4)) - 0. Let r(d) = 2*d - 6. Calculate r(w).
4
Let h(v) be the second derivative of -v**5/20 + v**4/12 + v**3/6 + 7*v**2/2 - 11*v. Give h(0).
7
Let k(n) = -n**2. Let p be (9/4)/(6/(-16)). Let r(a) = 4*a**3 + 5*a**2 + a + 1. Let i = -11 - -10. Let s(t) = i*r(t) + p*k(t). Give s(-1).
5
Let m be 1/(-1) + 4/2. Let n be 4 + (1 - 3)*m. Let h = n - 0. Let z(g) = -2*g**3 + 4*g**2 - 3*g + 2. Determine z(h).
-4
Let y(u) = -4*u - 4*u - 11 + 8*u**2 + 13 - u**3 - 7. Give y(7).
-12
Let u(p) be the first derivative of -p**3/3 + 4*p**2 - 2*p - 5. Calculate u(6).
10
Let i(a) be the first derivative of a**5/20 - a**4/4 - 2*a**3/3 + 3*a**2/2 + 8*a - 3. Let w(o) be the first derivative of i(o). Give w(4).
3
Let h(p) = 4*p + 2. Suppose -5*i - r = -4*r - 47, -5*i = -r - 49. Suppose 3*g - i = -2*g. What is h(g)?
10
Let k = 16 + -18. Let z(x) = -x**3 - 4*x**2 - 4*x - 3. Calculate z(k).
-3
Let y(x) = -x - 2. Suppose 0 = -4*r - 3*d + d - 66, 3*r = 3*d - 36. Let q be -1 - (3/(-3) + 10). Let u = q - r. What is y(u)?
-7
Let v = 57 + -53. Let y(i) = i**2 - 2*i + 4. Calculate y(v).
12
Let t(n) be the second derivative of n**4/6 - n**3/3 + n**2 - n. Let o = -1 + 3. Calculate t(o).
6
Let h(z) = 0 - 3*z + 2 + 5*z + 0. Determine h(2).
6
Let d(m) = -m**3 + m**2 - m. Suppose 3*p + 14 = 2*x - 6, -4*p = 0. Suppose c - 2*o + 4 - x = 0, c - 5*o = 15. What is d(c)?
0
Let t(v) = 2*v**2. Let w(y) = -2*y**2 + y. Let i(u) = -4*t(u) - 3*w(u). Let a(c) = c + 1. Let f be a(-5). Let b = 2 + f. What is i(b)?
-2
Suppose 0*y - 2*w = -3*y + 4, 0 = 4*y + w - 9. Let s(a) = -2*a - 4*a - 5*a + y*a. Determine s(-1).
9
Let y(x) be the first derivative of -x**3/3 + 5*x**2/2 - 6*x - 4. Give y(5).
-6
Let w(a) = -10*a**2 + 0 + 7 - a**3 - 3 - 8*a + 0. What is w(-9)?
-5
Let n(z) = 1 - z**3 + 0 + 10*z + 3*z**2 + 2 - 11*z. Let s be n(3). Let k(i) = s + 6*i + 6 + 4*i**2 + i**2 + i**3. What is k(-4)?
-2
Suppose -b = -5*b + 4. Let c(v) = v**3 - 3*v**2 + 4*v - 2. Let s be c(2). Let p = s - b. Let g(k) = -7*k**3. What is g(p)?
-7
Let x = 5 - 10. Let p(m) be the third derivative of -m**6/120 - m**5/10 - m**4/6 + m**3 + 6*m**2. What is p(x)?
1
Let d(r) be the second derivative of 3/2*r**2 + r - 5/6*r**3 + 0 - 1/20*r**5 - 5/12*r**4. Let a = 23 - 27. Determine d(a).
7
Let m(y) be the first derivative of 13*y**3/3 - 5*y**2/2 + 3*y - 3. Let h(p) = 25*p**2 - 9*p + 5. Let g(u) = -4*h(u) + 7*m(u). Give g(-1).
-9
Let l(q) = -q. Let n be 2/9 - -2*(-172)/(-72). Give l(n).
-5
Let m(a) = -a**3 - 2*a**2 + 4*a - 1. Let u(f) = -f**2 + 4*f - 6. Let t be u(3). What is m(t)?
-4
Let s = -6 - -7. Let z(d) = -d**3 - d**2. Let x(t) = 3*t**3 + 8*t**2 + 6*t - 4. Let v(m) = s*x(m) + 2*z(m). Determine v(-5).
-9
Let j(k) = 2*k + 6. Let n(q) = 4*q + 11. Let o(a) = 5*j(a) - 3*n(a). What is o(3)?
-9
Let k(i) = i**3 + 8*i**2 + i + 13. Let p be k(-8). Let x(s) = s - 2*s - 12 + 2*s. What is x(p)?
-7
Suppose r + 4 = 6. Let p(w) = -5*w + 9 + 7*w - r. Calculate p(-5).
-3
Suppose 15 = 24*j - 29*j. Let l(g) = -g**2 - 4*g - 4. Determine l(j).
-1
Let u = 2 - -1. Let o(j) be the second derivative of j**5/20 - j**4/4 + j**3/3 - j**2/2 - 3*j. Give o(u).
5
Let f(r) = r**3 + 4*r**2 - 4*r - 3. Let s = -26 - -22. Calculate f(s).
13
Let s(z) = -2*z**2 - 15*z + 1. Let y(i) = -3*i**2 - 23*i + 2. Let k(f) = -8*s(f) + 5*y(f). Determine k(-5).
2
Let i(m) = 3*m**2 + m - 2. Suppose -o = -2*o. Suppose -s + 2*s + 1 = o. Let l(z) = z**2 + 1. Let d(g) = s*i(g) + 2*l(g). Give d(-4).
-8
Let y(p) = 5*p**3 + 2*p**2 + 2*p - 1. Let s(t) = -6*t**3 - 2*t**2 - 3*t + 1. Let m(c) = 4*s(c) + 5*y(c). Calculate m(2).
11
Let n(z) = 2*z - 1. Let t(s) = -2*s - 14. Let i be t(-9). Calculate n(i).
7
Let d be 14/10 - (-8)/(-20). Let t(j) = -j**2 + 2*j. Let g be t(d). Let a(r) = -2*r**2. What is a(g)?
-2
Let t = -11 + 16. Let o(g) = 9*g + 1. Let p(j) = 5*j. Let d(u) = 4*o(u) - 7*p(u). Calculate d(t).
9
Let o(j) = -6*j - 47. Let y(z) = -2*z - 16. Let k(g) = -6*o(g) + 17*y(g). Give k(-8).
-6
Let u(q) be the first derivative of -4*q + 5/2*q**2 - 1/3*q**3 + 2. Give u(5).
-4
Suppose 4*x - 2*t = 24, 3*x + 3*t - 19 = 5*t. Suppose 2*y + 3*m = 2*m + 10, 3*m - 27 = -x*y. Let n(l) = -2 + y + l - 3*l - 2. Give n(3).
-7
Let q(u) = -u**3 + 3*u**2 + u. Let v be q(3). Let m(a) = -3*a**2 - a**2 + 3*a + 5*a**2 + 5 - v. Give m(-3).
2
Let f(g) = 2*g**2 + g + 1. Let t be -4 - (-1 - 0 - -2). Let d(x) = -x**3 - 2*x**2 + 2*x - 5. Let v be d(t). Let m be (-2)/11 + v/(-33). Determine f(m).
7
Let g(f) = 5*f**2 - 6*f. Let m(z) = 0*z + 7*z + z**2 - 6*z**2. Let b(v) = 6*g(v) + 5*m(v). Suppose 0*i - i + 1 = 0. Calculate b(i).
4
Suppose -20 = -0*z - 4*z. Let k = z + -8. Let j(x) be the second derivative of -x**4/12 - x**3/3 + x**2/2 - 2*x. Give j(k).
-2
Let j(c) = c - 2. Let v(q) = 2*q - 6. Let p(k) = -8*j(k) + 3*v(k). Suppose 25 = -5*s - 3*u, -u = -5*s - 6*u - 35. Determine p(s).
2
Suppose -4*o = -7*o + 3. Let k = 0 + o. Let q(b) = -3*b**3 - b**2. Determine q(k).
-4
Let l(f) be the first derivative of f**4/6 + f**2/2 + 3. Let p(j) be the second derivative of l(j). Suppose 2*w - 4 = -o, 4*w - o - 3*o - 8 = 0. Give p(w).
8
Let a = 3 - 2. Let b(v) = a + 2 - v - 4. Suppose 10*r + 23 = -17. Give b(r).
3
Suppose -4*s + 30 = -2*b, -13 - 20 = -4*s - b. Let t(f) = f**3 - 7*f**2 - 7*f. Calculate t(s).
8
Let p be 1 + 30/(-26) - (-108)/26. Let b(l) = 3*l - 3. What is b(p)?
9
Let k(n) = -n**2 + 10*n - 10. Let m be k(8). Let c(g) = -8*g - 7*g**2 + 3*g + m*g. Calculate c(-1).
-8
Let i(v) = 3*v**3 + v**2 - v + 1. Let s be -1 + 0 - (5 + 3)/(-4). Determine i(s).
4
Let q(g) = g**3 + 5*g**2 + 4*g + 3. Let n be ((-5)/(-4))/(1/(-4)). Let a = 9 + n. Suppose -a*u + 0*k - 21 = 5*k, -4*u + 3*k = 13. Give q(u).
3
Let f(m) = -13*m**3 + 5*m - 3*m**2 - 13 + m**2 + 4*m**2 + 2*m**2. Let v(a) = 3*a**3 - a**2 - a + 3. Let l(c) = 2*f(c) + 9*v(c). What is l(2)?
7
Let m(q) be the first derivative of -q**2/2 + q - 6. Give m(3).
-2
Let r(w) = w**3 - 5*w**2 + 3*w + 4. Let a be (-12)/(-5)*5/1. Suppose 8 = o - 2*o. Let n = a + o. Give r(n).
0
Let j be (-22)/(-8) + (-18)/24. Let i(w) = 1 - 7*w**2 - w**j - 42*w - w**3 + 36*w. Calculate i(-7).
-6
Let c = -15 - -11. Let q(y) = y**3 + 3*y**2 - 2*y + 5. Calculate q(c).
-3
Suppose -5*w - v = 12, -2*w + 4 = 4*v - 8*v. Let o = 3 + w. Let c(i) = 5*i**2 + 1. Determine c(o).
6
Suppose 2 - 12 = -2*m + 4*g, 4*m - 17 = 5*g. Let p = -5 - -7. Let r(n) = n + n**p - 3*n + 2 + 0*n. What is r(m)?
5
Let u(x) = 4*x + 15 - 3*x**2 + 2*x**2 + 6*x. Let j be u(11). Let n(p) = 9*p + 2. Let r(d) = 8*d + 1. Let f(h) = j*n(h) - 5*r(h). Determine f(3).
-9
Suppose -4*k + 2 = 3*n + 6, 3*n - 5*k - 32 = 0. Suppose 0 = i + n - 1. Let z(h) = -h**3 - 5*h**2 - 3*h + 2. Calculate z(i).
-7
Let n(g) = -g**3 - 19*g**2 + 20*g + 2. Let o be n(-20). Let x(v) = 3*v**2 - 3*v. Calculate x(o).
6
Let l(w) = 3*w + 3. Let s(g) = -g + 12. Let b be s(7). Determine l(b).
18
Let u(y) = -2 - y**3 + 0*y**2 + y**2 + 7*y**2. What is u(8)?
-2
Let q = -90 + 89. Let i(a) = 17*a**2 - 1. What is i(q)?
16
Let n be (1/2)/(5/50). Suppose 16 - 6 = n*c. Let y(i) = -i + 8. Let v(g) = -g + 7. Let w(d) = 4*v(d) - 3*y(d). What is w(c)?
2
Let j(d) = 10*d**3 + 17*d**2 - d + 40. Let h(q) = 3*q**3 + 6*q**2 + 13. Let t(b) = 7*h(b) - 2*j(b). Give t(-8).
-5
Let v(x) = 3*x. Let f(b) = -6*b + 3. Let j(c) = 35*c - 17